common divisor of 77 and f?
11
Let f = 759 - -135. Suppose 0 = -q - 210 + f. Let u be q/7 - (-4)/14. Calculate the greatest common factor of u and 14.
14
Suppose 0*k + 4*k + 396 = 0. Let w = 1 - k. What is the greatest common divisor of w and 25?
25
Suppose -t + 5*t - 40 = 0. Let g = -227 + 237. What is the highest common divisor of g and t?
10
Suppose -32*s = -183 - 105. Let d(x) = -10*x - 3. Let a be d(-3). Calculate the greatest common factor of s and a.
9
Suppose -5 + 2 = -3*b. Let h be b - -16 - (0 + -3). Let s be (-3)/(-15) + 836/h. Calculate the highest common factor of s and 105.
21
Let s(x) = 2*x**3 - 6*x**2 + 5*x - 5. Let g be 2*-1 + (7 - 0). Let t be s(g). Let n be ((-16)/24)/(4/(-90)). What is the greatest common divisor of t and n?
15
Let m(b) be the second derivative of b**3/6 + 16*b**2 - 31*b. Let i be m(-12). Calculate the highest common divisor of i and 180.
20
Let q be (-4 - (-2 + 1)) + 7. Suppose 1 = q*p - 55. Calculate the highest common factor of 42 and p.
14
Suppose 63*k + 990 = 3258. What is the greatest common divisor of k and 492?
12
Let s(h) = h**2 - 18*h - 3. Let j(k) = -k - 1. Let t(f) = 6*j(f) - s(f). Let r be t(9). Suppose -2*q = q - 18. Calculate the highest common divisor of q and r.
6
Let a be (0 + 0)*(-1)/(-2). Suppose o + o = a. Suppose o*x + 132 = x. Calculate the highest common divisor of x and 22.
22
Let d(k) = -2*k. Suppose -25 = 28*q - 33*q. Suppose 33 = -q*j + 2*c - 44, -j - 12 = 3*c. Let b be d(j). Calculate the greatest common divisor of 10 and b.
10
Suppose 17*c - 6*c - 44 = 0. Suppose -4*z - c*t = -1060, 3*z = -0*z + t + 791. Calculate the highest common factor of 24 and z.
24
Suppose k - 3 - 4 = 0. Suppose -k*m + 0*m + 1295 = 0. What is the highest common divisor of 37 and m?
37
Suppose -13*r = 13*r - 624. Let l be (-122)/(-5) + (-2)/5. What is the highest common factor of r and l?
24
Suppose -4*r + 1517 = 33*r. Let h be (-82)/(((-1)/4)/1). What is the greatest common divisor of h and r?
41
Suppose 18*f = 24*f - 336. Calculate the highest common factor of f and 49.
7
Let a(m) = -m - 1. Let h be a(-3). Suppose -3*b + 9 = -h*b. Suppose 15 = 5*k, -243*v + 240*v + 4*k + 69 = 0. Calculate the greatest common divisor of v and b.
9
Let q(u) = -3 + u + 0 + 18. Let y be q(12). What is the highest common divisor of 9 and y?
9
Let u = 106 - -29. What is the greatest common divisor of 27 and u?
27
Let x be (2*-16)/(-25 - -23). What is the highest common divisor of 128 and x?
16
Suppose 0 = -2*f - m + 6, 2*f - 3*f + 10 = 4*m. Suppose 4*s + 2*q - 73 = 7*q, -f*s + 34 = -2*q. What is the highest common divisor of 12 and s?
12
Let y(x) = -x + 17. Let i be y(15). Suppose 4*j - 222 = -i*j. Calculate the greatest common factor of j and 37.
37
Let a be 368 - (33/7 + (-4)/(-14)). Calculate the highest common factor of 33 and a.
33
Suppose j = -y + 37, -4*y + y - 4*j + 106 = 0. Let w be 6/(-9) - (-951)/9. What is the highest common factor of y and w?
21
Suppose 0 = 171*c - 179*c + 128. Calculate the highest common factor of c and 46.
2
Let y be -2*(0 - 1) - 5. Let c(x) = -30*x - 16. Let b be c(y). What is the greatest common factor of 111 and b?
37
Suppose 0 = 6*x - 7*x - 84. Let b be x*-1*(-3)/(-9). Calculate the greatest common factor of b and 336.
28
Suppose 5*m + 4*a - 3*a = -834, -5*a - 162 = m. Let q = m - -266. Let k be ((-2)/(-8))/(3/132). What is the greatest common factor of k and q?
11
Suppose -25 = 22*x - 487. Suppose -4*y + 3*u = -u - 112, -4*u = 0. What is the highest common divisor of y and x?
7
Let a be 4*-1 - (17 - 34). What is the highest common divisor of 611 and a?
13
Suppose 7*a - 60 = 3*a. Let u = a - -14. Suppose 0*o + r = 4*o - 33, 0 = 3*o - 5*r - u. What is the greatest common divisor of o and 8?
8
Let o = 1293 - 1282. Let p(i) = 19*i**3 - 16*i**3 + i**2 + 19*i**3 - 2*i + 1. Let k be p(1). Calculate the highest common divisor of k and o.
11
Let x = 38 - 20. Suppose 0 = 5*g - 25, 0*g = -2*v - 2*g + 154. Calculate the greatest common divisor of v and x.
18
Let f(h) = -2*h + 5. Let n be f(-8). Calculate the highest common factor of 504 and n.
21
Suppose -2*h = -10 - 4. Suppose 0 = 2*i, -f + 4*i = 2*f + 15. Let p be 23 - -1 - f/(10/(-6)). What is the highest common factor of p and h?
7
Let y = 8 + -12. Let t be 40 + (-8 - y) + -4. Let k(w) = w**2 + 2*w - 11. Let d be k(-5). Calculate the greatest common divisor of d and t.
4
Let z(i) = -i**2 - 57*i - 17. Let o be z(-32). Calculate the greatest common factor of 27 and o.
27
Suppose 3*w + 3 = -0, 0 = 5*l + 2*w - 68. What is the greatest common factor of l and 28?
14
Suppose 104 + 94 = 11*q. What is the highest common factor of 1152 and q?
18
Let a be 2 + -1*(-2660 + -11). Calculate the highest common factor of 11 and a.
11
Let r be (0 - 1) + -8 + 14. Suppose 1 = -2*u + r. Let d(c) = 14*c**2 + 7*c - 1. Let s be d(u). Calculate the highest common factor of s and 46.
23
Let u be 4*-1 - (-34 - -26). What is the highest common divisor of u and 412?
4
Let b be -3 + -4*12/(-16). Suppose b = 3*p - o + 766, -3*o - 98 = 3*p + 688. Let i = -152 - p. Calculate the highest common divisor of i and 15.
15
Let x be 2/4 + 33/2. Suppose 0 = -5*f + 183 + 602. Suppose 763 = 5*g + a, 6*a - 4*a + f = g. Calculate the highest common factor of g and x.
17
Let n = -6 + 72. Let d = 19 + n. Calculate the highest common factor of 34 and d.
17
Let l(s) = -s - 8. Let t be l(-12). Suppose -2 = v - t. Suppose v*b - b = 3. What is the greatest common factor of 6 and b?
3
Let m be (4 - 7) + 1 + 7 + 0. What is the highest common divisor of 145 and m?
5
Let i(n) = 9*n**2 + 4*n - 11. Let w be i(-5). Let g = 338 - w. What is the greatest common factor of g and 18?
18
Suppose -3*u = 5*d - 934, -5*d - 432 - 790 = -4*u. Let c be 914/14 - (-6 + u/49). What is the greatest common factor of 5 and c?
5
Suppose -2*q - 3*q + 640 = 0. Suppose -5*c + 81 = -p, -c + 2*p = 93 - 111. Calculate the greatest common divisor of q and c.
16
Let m(h) = h**3 - 2*h**2 - h - 5. Let t be m(4). Let o(b) = -39*b + 342. Let g be o(7). Calculate the highest common factor of t and g.
23
Let o be 0 + (-8)/52 + 2972/52. What is the greatest common factor of 1102 and o?
19
Let o be (126/72)/((-3)/(-312)). What is the highest common divisor of o and 130?
26
Let q(d) = -d**2 - 24*d + 46. Let g be q(-6). What is the greatest common factor of 28 and g?
14
Suppose 4*c = -4, -5*k + 0*c + 2*c + 1682 = 0. What is the greatest common factor of k and 32?
16
Let l(j) = 9 + 6 + j**2 - 10 - 6*j. Let o be l(7). Let f = 42 - o. Calculate the highest common factor of f and 10.
10
Let v be ((-2)/(-12))/(4/1032). Calculate the highest common divisor of v and 473.
43
Let r = -676 - -688. What is the greatest common factor of r and 96?
12
Suppose 0 = -2*k - p + 701, 5*k - 2*p - 1842 = -85. Calculate the greatest common divisor of k and 27.
27
Let h be 2 - 3/(-3) - 1. Let v be ((-1)/(-3))/((-3)/(-45)). Suppose -3*i - 5*s + 39 = 0, i + v*s + 0 = 23. Calculate the greatest common divisor of i and h.
2
Let n(l) = 10*l**2 + l - 2. Let o be n(-2). Let w = 66 - o. Suppose -12*q + 13*q - w = 0. Calculate the greatest common divisor of 75 and q.
15
Let l(f) = -f**2 - 21*f + 33. Let z be l(-21). Calculate the highest common factor of z and 22.
11
Suppose -4*q + 2*z - 4 = 0, 3*q + q - z = 0. Let s be (16/12 - q)*12. Suppose 4*x + 24 = 8*x. Calculate the greatest common divisor of x and s.
2
Let w = 1227 + -819. Let n be w/(-5) + (-6)/(-10). Let f = 114 + n. What is the greatest common divisor of 3 and f?
3
Let f be (-40 - -16)*3*15/(-4). Calculate the greatest common divisor of f and 10.
10
Let p = 715 - 699. Suppose 2*r + 2 = -3*r + 3*j, 0 = -4*r + j + 4. Let l = 0 + r. Calculate the highest common factor of l and p.
2
Let b(a) be the first derivative of -2*a**3/3 - 17*a**2/2 - 15*a - 12. Let v be b(-6). Calculate the greatest common factor of 45 and v.
15
Let h be 48/(-5)*20/6. Let r = h - -42. Suppose -3*m + 4*c + 33 = -2*m, -3*c = -4*m + 106. Calculate the highest common divisor of m and r.
5
Let n be (-390)/45*(-2 + 1*-7). What is the highest common factor of n and 104?
26
Let g(q) = -q - 50. Let t(v) = 2*v + 101. Let p(j) = -13*g(j) - 6*t(j). Let d be p(-16). Calculate the highest common factor of d and 84.
28
Let y(x) = 31*x**2 - 3*x + 3. L